greatest common factor of 15728728 and 202264.
1544
What is the greatest common factor of 5883291 and 29679?
2283
Calculate the greatest common divisor of 1255630 and 830.
10
Calculate the greatest common divisor of 311 and 17731.
1
Calculate the highest common divisor of 532247570 and 366.
122
Calculate the highest common factor of 236920 and 21070.
10
What is the greatest common divisor of 4556 and 27214127?
1139
Calculate the greatest common factor of 3705 and 4964415.
285
What is the highest common factor of 1508352 and 8347?
491
Calculate the greatest common factor of 600661804 and 29.
29
What is the highest common factor of 65 and 1921495?
5
Calculate the greatest common divisor of 66 and 9298344.
66
What is the greatest common factor of 553931 and 112?
7
What is the greatest common factor of 6998254 and 3145?
629
What is the highest common factor of 1762 and 2890561?
881
What is the highest common factor of 600 and 5144?
8
What is the greatest common divisor of 363437942 and 14?
14
Calculate the highest common divisor of 7359 and 6083440.
2453
Calculate the highest common factor of 12879812 and 737.
737
What is the greatest common factor of 42357 and 620088?
21
What is the highest common divisor of 375093 and 17892?
639
Calculate the highest common factor of 9176 and 54968.
8
What is the highest common factor of 20372 and 166196?
4
What is the greatest common factor of 4653342 and 9324?
666
What is the greatest common factor of 42 and 645891?
3
Calculate the greatest common factor of 32285418 and 5621.
803
Calculate the highest common factor of 4092538 and 38541.
29
What is the highest common divisor of 12 and 10828652?
4
What is the greatest common factor of 109607 and 15953?
43
What is the highest common divisor of 150 and 37680675?
75
Calculate the greatest common factor of 2782 and 237806858.
214
Calculate the highest common divisor of 33244645 and 574.
287
Calculate the highest common divisor of 28 and 17548384.
28
What is the highest common factor of 385096 and 19884484?
5204
What is the greatest common divisor of 7618 and 149266?
26
Calculate the greatest common divisor of 5891174 and 155843.
1543
Calculate the highest common factor of 977448 and 204.
12
Calculate the greatest common divisor of 684 and 394136.
76
Calculate the highest common divisor of 1245801 and 1284.
321
Calculate the highest common factor of 30199 and 161759.
299
What is the greatest common factor of 10245 and 855?
15
What is the greatest common divisor of 15817 and 40165?
1
What is the highest common factor of 91778 and 904264?
218
What is the highest common divisor of 2994 and 95719178?
998
What is the highest common divisor of 45 and 3275470?
5
Calculate the highest common divisor of 290 and 122470.
10
Calculate the greatest common divisor of 29466 and 54366.
6
What is the greatest common factor of 2369 and 50646851?
2369
What is the greatest common factor of 1484 and 12149932?
212
Calculate the greatest common divisor of 184 and 3848567.
23
What is the greatest common factor of 990859 and 28526?
839
What is the highest common divisor of 9216 and 564048?
144
Calculate the greatest common factor of 47432482 and 918.
34
Calculate the greatest common divisor of 2146571040 and 48.
48
Calculate the greatest common divisor of 114978056 and 88.
8
Calculate the greatest common divisor of 14560 and 1581440.
1120
What is the highest common divisor of 14026167 and 186?
93
What is the highest common factor of 820640461 and 42968?
5371
What is the highest common divisor of 2 and 228934?
2
Calculate the highest common factor of 19 and 535548440.
19
What is the highest common factor of 237 and 499599871?
79
Calculate the greatest common factor of 1972 and 479602.
58
What is the highest common divisor of 62208 and 41621040?
3888
Calculate the greatest common divisor of 334768060 and 55.
55
What is the greatest common divisor of 2565045 and 958?
479
Calculate the highest common factor of 24088932 and 156.
12
Calculate the highest common divisor of 1643 and 8404263.
53
What is the highest common divisor of 33142 and 28075360?
454
What is the greatest common factor of 549890 and 33055?
55
Calculate the greatest common divisor of 320788 and 29484.
52
Calculate the greatest common divisor of 27588 and 181108.
76
Calculate the highest common divisor of 3663 and 28525113.
333
Calculate the highest common factor of 2775 and 498510.
15
What is the greatest common factor of 5565 and 1752735?
15
What is the greatest common divisor of 104 and 279214468?
52
Calculate the greatest common divisor of 176915654 and 2.
2
Calculate the highest common factor of 40465876 and 2.
2
Calculate the greatest common factor of 30 and 43981240.
10
Calculate the highest common factor of 1004876387 and 419.
419
What is the greatest common divisor of 1984 and 34370816?
1984
What is the highest common divisor of 223146212 and 724?
724
What is the highest common divisor of 430 and 4800467970?
430
Calculate the highest common factor of 113200968 and 24.
24
What is the greatest common divisor of 9487654 and 2794?
22
What is the highest common divisor of 764828 and 69814?
1042
What is the highest common factor of 2742630 and 1110?
30
What is the highest common factor of 10066630 and 6510?
2170
What is the greatest common divisor of 4590 and 1258?
34
Calculate the greatest common divisor of 7412193 and 5082867.
7713
Calculate the greatest common factor of 4126 and 1064140786.
4126
Calculate the highest common divisor of 154294543 and 91.
13
Calculate the greatest common factor of 351 and 24543405.
27
What is the highest common divisor of 11 and 76937311?
11
Calculate the greatest common divisor of 83160 and 4568.
8
What is the greatest common factor of 308725927 and 19?
19
Calculate the highest common factor of 1840 and 27408.
16
What is the highest common divisor of 40755376 and 184?
8
Calculate the greatest common divisor of 24795441 and 136125.
1089
What is the highest common factor of 698704 and 512?
16
Calculate the highest common divisor of 9747439 and 793.
13
What is the highest common divisor of 11627 and 64097?
11
What is the highest common factor of 54589023 and 2775?
111
Calculate the highest common divisor of 428916 and 47244.
372
What is the greatest common divisor of 40044 and 413976?
564
What is the greatest common factor of 162192 and 39936?
48
Calculate the highest common divisor of 202609 and 988185.
1243
What is the greatest common divisor of 4753245 and 3915?
435
What is the greatest common factor of 493890 and 40?
10
Calculate the greatest common divisor of 9560 and 44570632.
1912
What is the highest common factor of 44923560 and 7260?
660
Calculate the highest common factor of 27753186 and 38.
38
Calculate the greatest common divisor of 124 and 3643994.
2
Calculate the greatest common divisor of 16045550 and 100.
50
Calculate the greatest common divisor of 624 and 10039848.
312
Calculate the greatest common divisor of 9780 and 37507278.
978
What is the highest common factor of 1244111 and 4675?
187
What is the greatest common divisor of 158356 and 13054?
122
What is the greatest common factor of 1616 and 217336?
8
What is the greatest common divisor of 23445 and 315?
45
Calculate the highest common factor of 8 and 47525260.
4
Calculate the greatest common factor of 154298 and 11.
1
Calculate the highest common factor of 49 and 716620394.
49
What is the greatest common factor of 12 and 16235169?
3
What is the greatest common divisor of 55297 and 1560655?
457
Calculate the greatest common divisor of 42 and 51252978.
42
What is the greatest common factor of 48033574 and 842?
842
Calculate the greatest common divisor of 2720 and 80189.
17
Calculate the highest common divisor of 5984 and 3152864.
352
What is the highest common divisor of 5796825 and 525?
75
What is the greatest common divisor of 3434 and 706826?
34
What is the highest common factor of 12540 and 10009010?
2090
Calculate the greatest common divisor of 43890214 and 814.
74
What is the highest common divisor of 741 and 1493232?
39
Calculate the highest common factor of 375426120 and 62.
62
What is the greatest common divisor of 367392 and 2932944?
2064
What is the greatest common factor of 3111 and 8113?
61
What is the highes